of 907942?
2
What is the hundred thousands digit of 3554980?
5
What is the ten thousands digit of 798245?
9
What is the hundreds digit of 33564?
5
What is the ten thousands digit of 3960962?
6
What is the ten thousands digit of 13827383?
2
What is the ten thousands digit of 132575?
3
What is the thousands digit of 8249423?
9
What is the hundreds digit of 345538?
5
What is the millions digit of 2128238?
2
What is the thousands digit of 3661258?
1
What is the thousands digit of 1727713?
7
What is the thousands digit of 1301283?
1
What is the tens digit of 844661?
6
What is the thousands digit of 38001?
8
What is the tens digit of 17539021?
2
What is the units digit of 10522440?
0
What is the units digit of 3693728?
8
What is the millions digit of 9132649?
9
What is the units digit of 16306829?
9
What is the tens digit of 87685?
8
What is the hundred thousands digit of 260554?
2
What is the thousands digit of 180830?
0
What is the ten thousands digit of 9301238?
0
What is the millions digit of 8821338?
8
What is the units digit of 7936496?
6
What is the hundred thousands digit of 300225?
3
What is the millions digit of 18445493?
8
What is the hundreds digit of 3053790?
7
What is the hundreds digit of 861866?
8
What is the millions digit of 5347442?
5
What is the hundred thousands digit of 301692?
3
What is the thousands digit of 645662?
5
What is the thousands digit of 231818?
1
What is the ten millions digit of 14241456?
1
What is the units digit of 1424722?
2
What is the ten millions digit of 20509359?
2
What is the hundred thousands digit of 300475?
3
What is the units digit of 14111441?
1
What is the tens digit of 17337169?
6
What is the ten thousands digit of 774555?
7
What is the millions digit of 3796582?
3
What is the units digit of 53766?
6
What is the millions digit of 13705722?
3
What is the tens digit of 3659330?
3
What is the units digit of 797407?
7
What is the hundreds digit of 5651321?
3
What is the units digit of 561596?
6
What is the hundred thousands digit of 10348736?
3
What is the hundred thousands digit of 3911077?
9
What is the hundred thousands digit of 1808735?
8
What is the tens digit of 5980984?
8
What is the units digit of 1590138?
8
What is the millions digit of 1326700?
1
What is the hundred thousands digit of 837591?
8
What is the units digit of 14909450?
0
What is the thousands digit of 2596943?
6
What is the units digit of 16987908?
8
What is the ten thousands digit of 164277?
6
What is the thousands digit of 3878446?
8
What is the units digit of 618486?
6
What is the hundred thousands digit of 697121?
6
What is the units digit of 1903530?
0
What is the tens digit of 28213746?
4
What is the millions digit of 3165920?
3
What is the hundreds digit of 1087362?
3
What is the units digit of 1137364?
4
What is the hundreds digit of 2404501?
5
What is the hundreds digit of 504765?
7
What is the ten thousands digit of 8441604?
4
What is the hundreds digit of 100560?
5
What is the hundred thousands digit of 277471?
2
What is the hundred thousands digit of 13055075?
0
What is the thousands digit of 240953?
0
What is the hundreds digit of 3413578?
5
What is the hundreds digit of 3562937?
9
What is the tens digit of 1870764?
6
What is the ten thousands digit of 6461912?
6
What is the hundreds digit of 52624?
6
What is the thousands digit of 1605843?
5
What is the tens digit of 1163565?
6
What is the units digit of 438776?
6
What is the units digit of 34103972?
2
What is the thousands digit of 10270073?
0
What is the thousands digit of 767587?
7
What is the hundred thousands digit of 144940?
1
What is the ten thousands digit of 285545?
8
What is the units digit of 3526792?
2
What is the ten thousands digit of 1209009?
0
What is the tens digit of 370058?
5
What is the thousands digit of 964735?
4
What is the thousands digit of 151025?
1
What is the units digit of 261651?
1
What is the ten thousands digit of 6164260?
6
What is the hundred thousands digit of 773385?
7
What is the hundred thousands digit of 2472610?
4
What is the hundreds digit of 122273?
2
What is the millions digit of 2475407?
2
What is the hundreds digit of 11648003?
0
What is the thousands digit of 1649283?
9
What is the units digit of 9657078?
8
What is the thousands digit of 101400?
1
What is the tens digit of 81053?
5
What is the thousands digit of 297952?
7
What is the ten thousands digit of 2005936?
0
What is the hundred thousands digit of 1538077?
5
What is the hundred thousands digit of 26282687?
2
What is the ten thousands digit of 893879?
9
What is the hundreds digit of 664978?
9
What is the ten thousands digit of 257702?
5
What is the ten thousands digit of 5483365?
8
What is the tens digit of 2574684?
8
What is the ten thousands digit of 4514743?
1
What is the millions digit of 15345251?
5
What is the hundreds digit of 106188?
1
What is the hundred thousands digit of 902252?
9
What is the units digit of 222156?
6
What is the thousands digit of 7187684?
7
What is the hundred thousands digit of 989626?
9
What is the ten thousands digit of 1037008?
3
What is the units digit of 14933082?
2
What is the hundreds digit of 330419?
4
What is the hundred thousands digit of 1984611?
9
What is the units digit of 8330?
0
What is the ten thousands digit of 1348104?
4
What is the hundreds digit of 1818965?
9
What is the millions digit of 3128866?
3
What is the thousands digit of 2093250?
3
What is the ten thousands digit of 18221?
1
What is the units digit of 558013?
3
What is the ten thousands digit of 461870?
6
What is the units digit of 135702?
2
What is the hundreds digit of 1418224?
2
What is the thousands digit of 5716176?
6
What is the hundred thousands digit of 5353526?
3
What is the millions digit of 1140956?
1
What is the hundreds digit of 26503684?
6
What is the millions digit of 14807625?
4
What is the units digit of 355614?
4
What is the ten thousands digit of 1095190?
9
What is the ten thousands digit of 269474?
6
What is the ten thousands digit of 1332499?
3
What is the tens digit of 1359414?
1
What is the thousands digit of 8765329?
5
What is the hundreds digit of 1829906?
9
What is the hundred thousands digit of 625132?
6
What is the thousands digit of 6168337?
8
What is the thousands digit of 13651580?
1
What is the units digit of 619697?
7
What is the units digit of 127189?
9
What is the thousands digit of 24687717?
7
What is the units digit of 422928?
8
What is the tens digit of 8236064?
6
What is the ten millions digit of 15304525?
1
What is the hundreds digit of 694539?
5
What is the hundred thousands digit of 10502771?
5
What is the ten thousands digit of 43872?
4
What is the tens digit of 219914?
1
What is the units digit of 3343684?
4
What is the ten thousands digit of 274415?
7
What is the tens digit of 117326?
2
What is the units digit of 1215764?
4
What is the thousands digit of 2278887?
8
What is the thousands digit of 1956455?
6
What is the ten thousands digit of 1516844?
1
What is the thousands digit of 1067731?
7
What is the units digit of 87722?
2
What is the ten thousands digit of 9343166?
4
What is the ten thousands digit of 7096872?
9
What is the thousands digit of 279136?
9
What is the hundred thousands digit of 371424?
3
What is the millions digit of 6591977?
6
What is the thousands digit of 614953?
4
What is the hundred thousands digit of 139281?
1
What is the tens digit of 1257546?
4
What is the tens digit of 238866?
6
What is the units digit of 2649232?
2
What is the units digit of 6943882?
2
What is the thousands digit of 1797433?
7
What is the hundred thousands digit of 1368875?
3
What is the ten thousands digit of 67188?
6
What is the tens digit of 194133?
3
What is the ten thousands digit of 44669?
4
What is the units digit of 3247128?
8
What is the tens digit of 830587?
8
What is the millions digit of 3417387?
3
What is the ten thousands digit of 4576352?
7
What is the hundred thousands digit of 1780241?
7
What is the thousands digit of 13471705?
1
What is the thousands digit of 210670?
0
What is the thousands digit of 23830986?
0
What is the thousands digit of 9854878?
4
What is the ten thousands digit of 258172?
5
What is the hundred thousands digit of 4210008?
2
What is the hundred thousands digit of 110647?
1
